third derivative of 5*x**4/24 - x**3/2 - 2*x**2. List the prime factors of i(6).
3
Let t = 17 + 37. What are the prime factors of t?
2, 3
Suppose 0 = -3*m + 12 + 3. What are the prime factors of m?
5
Let d(f) = -16*f + 31. What are the prime factors of d(-17)?
3, 101
Let w(j) = j**3 - 6*j**2 - 7*j - 2. Let q be w(7). Let v(a) = a**2 - 2*a - 4. Let y be v(4). Let h = y + q. List the prime factors of h.
2
Suppose 4*j - 2*r - 247 = 3*r, -2*j = 5*r - 131. Let g = j + 133. What are the prime factors of g/20 - (-2)/10?
2, 5
Let d(t) = -t + 8. Let y be d(6). Suppose -3*h + y = -4. List the prime factors of 5/(-10) - (-5)/h.
2
Suppose -437 = -w - 3*w - 5*v, -w - 3*v = -111. What are the prime factors of w?
2, 3
Let l = 20 - 17. Let m(y) = 2*y + 0 + 2*y**2 - 5*y - 2. List the prime factors of m(l).
7
What are the prime factors of (-5)/((7/15)/(-7)) - -1?
2, 19
Let p be ((-2)/(-2))/(2/4). Suppose -p*x - 6 = -5*m, 3*x - x - 10 = -3*m. Suppose -o + x = -1. What are the prime factors of o?
3
Let s(w) = 4 - 3*w - 20*w**2 - 1 + 16*w**2 + w**3. List the prime factors of s(5).
13
Let v(o) = o**3 + 8*o**2 + 7*o + 5. Suppose -t - 4*t = 25. List the prime factors of v(t).
3, 5
Let b be (-2)/6 + 65/15. Let d = b - -2. Let r = d - 2. List the prime factors of r.
2
Suppose 0 = -18*m + 1400 + 3910. List the prime factors of m.
5, 59
Let h(m) = -2*m**3 + 23*m**2 - 18*m + 14. What are the prime factors of h(10)?
2, 67
Let x(p) = 3*p - 3. Let c be x(2). Let q(i) = 6*i - 4. What are the prime factors of q(c)?
2, 7
Let g(i) = -i**2 - 7*i + 10. Suppose 0 = -l + 2, -6 = r + l. Let p be g(r). Suppose 2*f - 44 = -p*f. What are the prime factors of f?
11
Let o(p) = -2*p - 1. Let y be o(-5). Let b(m) = 2*m + m + y - 2*m. List the prime factors of b(-4).
5
Suppose -4*m + 22 = -2*m - 2*w, 0 = -2*m + w + 23. What are the prime factors of (-4)/m + 14/6?
2
Let o be (6/4)/(4/(-8)). Let s(m) = m**2 + 3*m + 2. What are the prime factors of s(o)?
2
Let o = -10 - -4. Let u = o + 39. List the prime factors of u.
3, 11
Let b = 44 - 30. Suppose x - 5*h + 5 = 0, -2*x = -h - 3 + 4. Suppose x = 3*c - 4 - b. List the prime factors of c.
2, 3
List the prime factors of 32/(25/40*4/10).
2
Let t(u) = 8*u. Let q = 5 - 6. Let o be t(q). Let z = o - -13. What are the prime factors of z?
5
Let v = -62 + 162. What are the prime factors of v?
2, 5
Suppose -5*d = -3*p - 1, 5*d - 4 = 6. Suppose -p = b, 0 = -0*m - 2*m - 4*b. What are the prime factors of m?
2, 3
What are the prime factors of 2 + ((-368)/(-4) - -4)?
2, 7
Suppose 4*q - 534 = -3*d - 78, 0 = -4*q + 5*d + 424. Suppose -x = 2*x - q. What are the prime factors of x?
37
Let l = -11 + 68. What are the prime factors of l?
3, 19
Let f(o) = o**2. Let z(q) be the third derivative of -q**4/24 - q**3/3 - 2*q**2. Let x be z(0). List the prime factors of f(x).
2
Let g(s) = -s**2 - 8*s - 7. Let q be g(-7). Suppose -u + 4 = -q*u. List the prime factors of u.
2
Let r(l) = 2*l**2 - 1. Let s be r(-2). Let k = s + -2. Let d = 5 + k. What are the prime factors of d?
2, 5
List the prime factors of (3/(-6))/((-8)/4000).
2, 5
Let r(z) = 2*z**3 - 2*z**2 + 3. List the prime factors of r(3).
3, 13
Suppose 13*i - 4309 + 71 = 0. What are the prime factors of i?
2, 163
What are the prime factors of (2/12)/((-13)/(-1326))?
17
Suppose l - 6 = 2*f + 2, 2*f = -5*l + 4. Suppose 3*n + 3*a - 20 = n, 12 = l*n + a. Suppose -65 = -5*t - 5*z, -3*z - 8 + 62 = n*t. List the prime factors of t.
3, 5
List the prime factors of 2 + 0 - 20/(-2).
2, 3
Suppose 2*s = x - 59, -3*s = -2*x - 5 + 96. Let a = -11 - s. Suppose i = 3*o + 7 + 7, 5*i + 3*o - a = 0. List the prime factors of i.
5
Let b(k) be the third derivative of k**7/5040 + k**6/60 - k**5/30 + 2*k**2. Let m(g) be the third derivative of b(g). What are the prime factors of m(0)?
2, 3
Let p(k) = -k + 6. Let c be p(-9). What are the prime factors of ((-100)/c)/((-2)/6)?
2, 5
Let l = 10 + -11. List the prime factors of (6 - -6) + 3 + l.
2, 7
Suppose -3*u + 50 = p, 2*u + p - 52 + 17 = 0. List the prime factors of u.
3, 5
What are the prime factors of 4/18 - (-1295)/45?
29
Suppose 5*l - t = 5, -3*l - 2*t = -0*l - 3. Let y be ((-6)/(-8))/(l/4). Suppose -y*w + 1 = -5. List the prime factors of w.
2
Suppose -3 = s + 3*s - o, -3*o = -9. Suppose -56 = -4*d - s. What are the prime factors of d?
2, 7
Let i(g) = -g**3 + 6*g**2 + 6*g - 3. What are the prime factors of i(5)?
2, 13
Let u = 36 + -18. Suppose -87 = -5*s + u. List the prime factors of s.
3, 7
Suppose -24 = -k - 3*k. Let s = 0 + k. List the prime factors of s.
2, 3
Suppose 0 = 4*g - 3*g + 61. Let y = g - -88. List the prime factors of y.
3
Let b be ((-4)/10)/((-2)/20). Suppose b*d - 4*k - 153 + 41 = 0, 2*k - 64 = -2*d. List the prime factors of d.
2, 3, 5
Suppose -2*v = -3*r - 7*v + 24, 0 = 5*r - 5*v - 40. List the prime factors of r.
2
Suppose 3 = -2*c + c. Let v(s) = s**3 + 4*s**2 + 3*s + 4. Let h be v(c). Suppose -w = h*w - 25. List the prime factors of w.
5
Suppose 0 = 5*z - y + 1 - 2, 0 = 2*z - 5*y - 5. Suppose -6*a + 2*a + 64 = z. What are the prime factors of a?
2
What are the prime factors of (1 - (-35)/(-25))*-50?
2, 5
Let b be 2/7 + (-66)/(-14). Let q(i) = 2*i**2 - i + 5. Let g be q(4). Suppose 0 = -3*h - 4*c + g, 2*h + 5*c = b*h - 6. What are the prime factors of h?
7
Let w = 10 + 4. Suppose 16 = 5*d - w. List the prime factors of d.
2, 3
Let u(f) = -f**3 - 2*f**2 + 2*f - 2. What are the prime factors of u(-5)?
3, 7
Suppose -3*p + 21 = 5*a - 0*p, 0 = 4*a + 4*p - 20. Let y be 2/6 - (-5)/a. What are the prime factors of 4 + (-4)/y - 0?
2
Suppose -2*g = g - 6. Suppose -5*m + z + 3 = 0, -2*m + 3*z + 10 = 1. Suppose -g*y + 5*k + m + 15 = 0, -k = -3*y + 16. What are the prime factors of y?
5
Let s = 0 - -5. Suppose 0 = 5*o + 136 - 561. Suppose -s*v = -0*v - o. List the prime factors of v.
17
Suppose l = 2*l - 2, -3*l + 26 = 2*o. Suppose -2*a - 6 = -3*j + 4*j, 0 = 3*j - a - o. Suppose 3*z + 27 = 3*d, 2*d + j*d - 3*z = 41. List the prime factors of d.
2, 7
Suppose 5*t + 0*v = -v - 16, 32 = -3*t + 5*v. Suppose -f - 25 = 2*i + 2*f, 5*i = -5*f - 55. Let p = t - i. What are the prime factors of p?
2
Let k = -2 - 134. Let g be k/(-12) - (-1)/(-3). Let s = -4 + g. List the prime factors of s.
7
What are the prime factors of 5/(-2)*1012/(-55)?
2, 23
Suppose 2*b + 2*b = 388. What are the prime factors of b?
97
Suppose 2*j - 8*j + 60 = 0. What are the prime factors of j?
2, 5
Let q(u) = u + 11. Let v be q(-10). Let t(i) = -6*i**2 + 5*i + 6. Let y(n) = 6*n**2 - 6*n - 7. Let k(h) = -6*t(h) - 5*y(h). List the prime factors of k(v).
5
Let f = -1 + 1. Suppose f*q + 3*q - 42 = 0. List the prime factors of q.
2, 7
List the prime factors of (34/(-4) + -1 + 3)*-2.
13
Let y = -3 - -3. Suppose 2*h - 5*n - 17 - 2 = y, 0 = 4*n - 20. Let k = h + -16. What are the prime factors of k?
2, 3
Suppose -5 = -2*y + 5. Suppose -y*a - 3*j + 7*j = -253, 0 = a - j - 50. Let n = a + -32. What are the prime factors of n?
3, 7
Let g(b) = 2*b**2 + 6*b + 4. What are the prime factors of g(5)?
2, 3, 7
Suppose 0 = -r + p - 2, 0*r + 5*p = -5*r + 10. Suppose -6*b = -b + 4*c - 151, b - 4*c - 11 = r. What are the prime factors of b?
3
Let o(y) = y + 6. Let q be o(-4). Suppose -3*l - 2*m = -m - 4, m = q*l - 6. Suppose -4*v - 3*x + 3 - 7 = 0, l*x = 2*v - 12. List the prime factors of v.
2
Suppose -5*g + 0*g = 10. List the prime factors of g/6 - (-93)/9.
2, 5
Suppose -2*n = -6*n + 168. What are the prime factors of n?
2, 3, 7
What are the prime factors of ((-56)/70)/(4/(-50))?
2, 5
Let g = -59 + 308. What are the prime factors of g?
3, 83
Let w be (-866)/(-8) + 1/(-4). Suppose 33 = -12*s - 3. What are the prime factors of ((-1)/s)/(4/w)?
3
Suppose 2*h + 14 = -14. Let q = h + 26. What are the prime factors of q?
2, 3
Let j(c) = c**3 - 4*c**2 - c + 3. Let m be j(4). Let s = 3 + m. Suppose -a + 4*u = -7, 0 = -2*a - s*u - u + 3. List the prime factors of a.
3
Let z = -10 + 14. Let l be z + (0 - -2)*-1. Suppose -2*n = -4*y - 8, -7 + 18 = l*n - 3*y. What are the prime factors of n?
2, 5
Let a(w) = 2*w**3 - 3*w**2. Let i be a(2). Suppose p = i*p - 27. List the prime factors of 1 + p - (-2 + -1).
13
Suppose 0 = 4*r + r - 260. Let o = 97 - r. What are the prime factors of o?
3, 5
Let k(j) = 3*j + 5. Let t(x) = -3*x - 5. Let v(z) = -5*k(